{"id":65,"date":"2020-04-16T18:14:17","date_gmt":"2020-04-16T16:14:17","guid":{"rendered":"https:\/\/www.rainerbrand.de\/shop\/impressum\/"},"modified":"2023-08-30T13:12:25","modified_gmt":"2023-08-30T11:12:25","slug":"impressum","status":"publish","type":"page","link":"https:\/\/www.rainerbrand.de\/shop\/impressum\/","title":{"rendered":"Impressum"},"content":{"rendered":"<h2>Impressum<\/h2>\n<div id=\"av_section_2\" class=\"avia-section main_color avia-section-no-padding avia-no-border-styling avia-bg-style-scroll  avia-builder-el-2  el_after_av_section  el_before_av_section  cont-mw725  container_wrap fullsize\">\n<div class=\"container\">\n<div class=\"template-page content  av-content-full alpha units\">\n<div class=\"post-entry post-entry-type-page post-entry-4660\">\n<div class=\"entry-content-wrapper clearfix\">\n<div class=\"flex_column av_one_half  flex_column_div av-zero-column-padding first  avia-builder-el-3  el_before_av_one_half  avia-builder-el-first  \">\n<section class=\"av_textblock_section \">\n<div class=\"avia_textblock  \">\n<p>Rainer Brand<br \/>Friedenstra\u00dfe 9<br \/>D-63872 Heimbuchenthal<\/p>\n<\/div>\n<\/section>\n<\/div>\n<div class=\"flex_column av_one_half  flex_column_div av-zero-column-padding   avia-builder-el-5  el_after_av_one_half  avia-builder-el-last  \">\n<section class=\"av_textblock_section \">\n<div class=\"avia_textblock  \">\n<p>Tel.: +49 6092 5372<br \/>Fax: +49 6092 6903<br \/>E-Mail: info@rainerbrand.de<\/p>\n<\/div>\n<\/section>\n<\/div>\n<\/div>\n<\/div>\n<\/div>\n<\/div>\n<\/div>\n<div id=\"av_section_3\" class=\"avia-section main_color avia-section-no-padding avia-no-border-styling avia-bg-style-scroll  avia-builder-el-7  el_after_av_section  el_before_av_section  cont-mw725 mb25  container_wrap fullsize\">\n<div class=\"container\">\n<div class=\"template-page content  av-content-full alpha units\">\n<div class=\"post-entry post-entry-type-page post-entry-4660\">\n<div class=\"entry-content-wrapper clearfix\">\n<section class=\"av_textblock_section \">\n<div class=\"avia_textblock  \">\n<p>Amtsgericht Aschaffenburg<br \/>UST-ID nach \u00a727a Umsatzsteuergesetz: DE 131964152<br \/>Inhaltlich Verantwortlicher nach \u00a76 MDSTV: Petra Anja Brand<\/p>\n<\/div>\n<h3>Urheberrecht<\/h3>\n<p>Der Inhalt dieser Website ist Eigentum der Firma Rainer Brand. Nachdruck, Aufnahme in Online-Dienste und Vervielf\u00e4ltigung auf Datentr\u00e4ger d\u00fcrfen nur nach vorheriger schriftlicher Zustimmung durch Rainer Brand erfolgen. Eine kommerzielle Weitervermarktung des Inhalts ist untersagt. Es gelten die Allgemeinen Gesch\u00e4ftsbedingungen von Rainer Brand.<\/p>\n<h3>Haftungshinweis<\/h3>\n<p>Wir \u00fcbernehmen keine Haftung f\u00fcr die Inhalte externer Links. F\u00fcr den Inhalt der verlinkten Seiten sind ausschlie\u00dflich deren Betreiber verantwortlich.<\/p>\n<div id=\"av_section_3\" class=\"avia-section main_color avia-section-no-padding avia-no-border-styling avia-bg-style-scroll  avia-builder-el-7  el_after_av_section  el_before_av_section  cont-mw725 mb25  container_wrap fullsize\">\n<div class=\"container\">\n<div class=\"template-page content  av-content-full alpha units\">\n<div class=\"post-entry post-entry-type-page post-entry-4660\">\n<div class=\"entry-content-wrapper clearfix\">\n<section class=\"av_textblock_section \">\n<div class=\"avia_textblock  \">\n<h3>Webdesign<\/h3>\n<p>Konzeption, Text, Design und technische Realisierung:<br \/>Rainer Brand &amp; Petra Anja Brand<br \/><strong>Layout:<\/strong> Kiel 11, <a href=\"https:\/\/www.kiel11.de\">kiel11.de<\/a><br \/><strong>Programmierung:<\/strong> Kiel 11, <a href=\"https:\/\/www.kiel11.de\">kiel11.de<\/a><\/p>\n<\/div>\n<\/section>\n<\/div>\n<\/div>\n<\/div>\n<\/div>\n<\/div>\n<div id=\"av_section_4\" class=\"avia-section main_color avia-section-no-padding avia-no-border-styling avia-bg-style-scroll  avia-builder-el-9  el_after_av_section  avia-builder-el-last  cont-mw725 pb120 copyright  container_wrap fullsize\">\n<div class=\"container\">\n<div class=\"template-page content  av-content-full alpha units\">\n<div class=\"post-entry post-entry-type-page post-entry-4660\">\n<div class=\"entry-content-wrapper clearfix\">\n<section class=\"av_textblock_section \">\n<div class=\"avia_textblock  \">\n<p><strong>\u00a9 2023 Copyright by RAINER BRAND.<\/strong> Alle Rechte vorbehalten.<br \/>Marke und Modelle sind rechtlich gesch\u00fctzt.<br \/>Modell- und technische \u00c4nderungen sowie Irrt\u00fcmer vorbehalten.<\/p>\n<\/div>\n<\/section>\n<\/div>\n<\/div>\n<\/div>\n<\/div>\n<\/div>\n<p>\u00a0<\/p>\n<\/section>\n<\/div>\n<\/div>\n<\/div>\n<\/div>\n<\/div>\n","protected":false},"excerpt":{"rendered":"<p>Impressum Rainer BrandFriedenstra\u00dfe 9D-63872 Heimbuchenthal Tel.: +49 6092 5372Fax: +49 6092 6903E-Mail: info@rainerbrand.de Amtsgericht AschaffenburgUST-ID nach \u00a727a Umsatzsteuergesetz: DE 131964152Inhaltlich Verantwortlicher nach \u00a76 MDSTV: Petra Anja Brand Urheberrecht Der Inhalt dieser Website ist Eigentum der Firma Rainer Brand. Nachdruck, Aufnahme in Online-Dienste und Vervielf\u00e4ltigung auf Datentr\u00e4ger d\u00fcrfen nur nach vorheriger schriftlicher Zustimmung durch Rainer Brand [&#8230;]\n","protected":false},"author":1,"featured_media":0,"parent":0,"menu_order":0,"comment_status":"closed","ping_status":"closed","template":"","meta":[],"_links":{"self":[{"href":"https:\/\/www.rainerbrand.de\/shop\/wp-json\/wp\/v2\/pages\/65"}],"collection":[{"href":"https:\/\/www.rainerbrand.de\/shop\/wp-json\/wp\/v2\/pages"}],"about":[{"href":"https:\/\/www.rainerbrand.de\/shop\/wp-json\/wp\/v2\/types\/page"}],"author":[{"embeddable":true,"href":"https:\/\/www.rainerbrand.de\/shop\/wp-json\/wp\/v2\/users\/1"}],"replies":[{"embeddable":true,"href":"https:\/\/www.rainerbrand.de\/shop\/wp-json\/wp\/v2\/comments?post=65"}],"version-history":[{"count":3,"href":"https:\/\/www.rainerbrand.de\/shop\/wp-json\/wp\/v2\/pages\/65\/revisions"}],"predecessor-version":[{"id":4325,"href":"https:\/\/www.rainerbrand.de\/shop\/wp-json\/wp\/v2\/pages\/65\/revisions\/4325"}],"wp:attachment":[{"href":"https:\/\/www.rainerbrand.de\/shop\/wp-json\/wp\/v2\/media?parent=65"}],"curies":[{"name":"wp","href":"https:\/\/api.w.org\/{rel}","templated":true}]}}