{"id":871,"date":"2022-03-20T09:42:42","date_gmt":"2022-03-20T08:42:42","guid":{"rendered":"https:\/\/www.rainerbrand.de\/shop\/?post_type=product&#038;p=871"},"modified":"2025-11-14T12:30:13","modified_gmt":"2025-11-14T11:30:13","slug":"panama-thirty-six-rb-15-sa-sb-18","status":"publish","type":"product","link":"https:\/\/www.rainerbrand.de\/shop\/produkte\/uhren\/panama-thirty-six\/panama-thirty-six-rb-15-sa-sb-18\/","title":{"rendered":"Panama thirty-six &#8211; RB 15 SA SB 18"},"content":{"rendered":"\t<section class=\"section\" id=\"section_925815931\">\n\t\t<div class=\"bg section-bg fill bg-fill  bg-loaded\" >\n\n\t\t\t\n\t\t\t\n\t\t\t\n\n\t\t<\/div>\n\n\t\t\n\n\t\t<div class=\"section-content relative\">\n\t\t\t\n<div class=\"row\"  id=\"row-1409578567\">\n\n\t<div id=\"col-1245655724\" class=\"col image-with-label medium-6 small-12 large-6\"  >\n\t\t\t\t<div class=\"col-inner\"  >\n\t\t\t\n\t\t\t\n\t<div class=\"img has-hover cover x md-x lg-x y md-y lg-y\" id=\"image_855126930\">\n\t\t<a class=\"image-lightbox lightbox-gallery\" title=\"\" href=\"https:\/\/www.rainerbrand.de\/shop\/wp-content\/uploads\/Impression-RB15SA-SB18.jpg\">\t\t\t\t\t\t<div class=\"img-inner image-zoom dark\" >\n\t\t\t<img width=\"1600\" height=\"1100\" src=\"https:\/\/www.rainerbrand.de\/shop\/wp-content\/uploads\/Impression-RB15SA-SB18.jpg\" class=\"attachment-original size-original\" alt=\"\" decoding=\"async\" loading=\"lazy\" srcset=\"https:\/\/www.rainerbrand.de\/shop\/wp-content\/uploads\/Impression-RB15SA-SB18.jpg 1600w, https:\/\/www.rainerbrand.de\/shop\/wp-content\/uploads\/Impression-RB15SA-SB18-1200x825.jpg 1200w, https:\/\/www.rainerbrand.de\/shop\/wp-content\/uploads\/Impression-RB15SA-SB18-600x413.jpg 600w, https:\/\/www.rainerbrand.de\/shop\/wp-content\/uploads\/Impression-RB15SA-SB18-768x528.jpg 768w, https:\/\/www.rainerbrand.de\/shop\/wp-content\/uploads\/Impression-RB15SA-SB18-1536x1056.jpg 1536w\" sizes=\"(max-width: 1600px) 100vw, 1600px\" \/>\t\t\t\t\t\t\n\t\t\t\t\t<\/div>\n\t\t\t\t\t\t<\/a>\t\t\n<style>\n#image_855126930 {\n  width: 100%;\n}\n<\/style>\n\t<\/div>\n\t\n<p>RB15SA-SB18<\/p>\n\t\t<\/div>\n\t\t\t\t\t<\/div>\n\n\t\n\n\t<div id=\"col-806171075\" class=\"col image-with-label medium-6 small-12 large-6\"  >\n\t\t\t\t<div class=\"col-inner\"  >\n\t\t\t\n\t\t\t\n\t<div class=\"img has-hover cover x md-x lg-x y md-y lg-y\" id=\"image_103822469\">\n\t\t<a class=\"image-lightbox lightbox-gallery\" title=\"\" href=\"https:\/\/www.rainerbrand.de\/shop\/wp-content\/uploads\/Impression-Uhrwerk-RB15-LB-Ru\u0308ckseite-135n.jpg\">\t\t\t\t\t\t<div class=\"img-inner image-zoom dark\" >\n\t\t\t<img width=\"1600\" height=\"1100\" src=\"https:\/\/www.rainerbrand.de\/shop\/wp-content\/uploads\/Impression-Uhrwerk-RB15-LB-Ru\u0308ckseite-135n.jpg\" class=\"attachment-original size-original\" alt=\"\" decoding=\"async\" loading=\"lazy\" srcset=\"https:\/\/www.rainerbrand.de\/shop\/wp-content\/uploads\/Impression-Uhrwerk-RB15-LB-Ru\u0308ckseite-135n.jpg 1600w, https:\/\/www.rainerbrand.de\/shop\/wp-content\/uploads\/Impression-Uhrwerk-RB15-LB-Ru\u0308ckseite-135n-1200x825.jpg 1200w, https:\/\/www.rainerbrand.de\/shop\/wp-content\/uploads\/Impression-Uhrwerk-RB15-LB-Ru\u0308ckseite-135n-600x413.jpg 600w, https:\/\/www.rainerbrand.de\/shop\/wp-content\/uploads\/Impression-Uhrwerk-RB15-LB-Ru\u0308ckseite-135n-768x528.jpg 768w, https:\/\/www.rainerbrand.de\/shop\/wp-content\/uploads\/Impression-Uhrwerk-RB15-LB-Ru\u0308ckseite-135n-1536x1056.jpg 1536w\" sizes=\"(max-width: 1600px) 100vw, 1600px\" \/>\t\t\t\t\t\t\n\t\t\t\t\t<\/div>\n\t\t\t\t\t\t<\/a>\t\t\n<style>\n#image_103822469 {\n  width: 100%;\n}\n<\/style>\n\t<\/div>\n\t\n<p>Werk RB15<\/p>\n\t\t<\/div>\n\t\t\t\t\t<\/div>\n\n\t\n<\/div>\n\t\t<\/div>\n\n\t\t\n<style>\n#section_925815931 {\n  padding-top: 30px;\n  padding-bottom: 30px;\n}\n<\/style>\n\t<\/section>\n\t\n<h3><strong>Der Name ist Programm.<\/strong><\/h3>\n<p>Mit 36 mm Durchmesser ist dieses Modell das kleinere Pendant zur Panama automat s1 und ideal f\u00fcr alle Freunde von weniger gro\u00dfen Uhren am Handgelenk. Schlicht und ergreifend sch\u00f6n, auch hier die Typografie von Dino dos Santos.<\/p>\n<p><strong>Werk<\/strong><br \/>\nMechanisches Uhrwerk mit automatischem Aufzug \u22c5 Datumsfenster \u22c5 Zentrumsekunde mit Stoppvorrichtung \u22c5 Kaliber ETA 2892-A2, modifiziert, in 5 Lagen reguliert \u22c5 Feine Oberfl\u00e4chenbehandlung des Rotors\u22c5 Gangreserve nach Vollaufzug ca. 40 Stunden<\/p>\n<p><strong>Zifferblatt<\/strong><br \/>\nDas Zifferblatt wirkt plastisch, da auf zwei Ebenen verlaufend \u22c5 Feine Stahlzeiger in Blattform hochglanzpoliert, beim mattwei\u00dfen Zifferblatt temperaturgebl\u00e4ut<\/p>\n<p><strong>Geh\u00e4use<\/strong><br \/>\nGeh\u00e4usematerial Edelstahl, Mittelteil satiniert, L\u00fcnette hochglanzpoliert und geh\u00e4rtet \u22c5 Der Boden ist graviert, jede Uhr einzeln nummeriert \u22c5 Das bombierte Saphirglas ist farblos hartentspiegelt, auch der Boden besitzt ein Saphirglassichtfenster \u22c5 \u00d8 36 mm, H 10,5 mm, WD 5 bar<\/p>\n<p><strong>Armband<\/strong><br \/>\nLederband mit Dornschlie\u00dfe, optional Faltschlie\u00dfe (18) oder Stahlband erh\u00e4ltlich \u22c5 Lederbandfarbe Schwarz, auf Anfrage sind in Damenl\u00e4nge auch B\u00e4nder in den Farben Marine, Champagner, Cognac oder Rot erh\u00e4ltlich, bitte setzen Sie sich im Vorfeld mit uns in Verbindung<\/p>\n","protected":false},"excerpt":{"rendered":"<h3><strong>Der Name ist Programm.<\/strong><\/h3>\n<p>Mit 36 mm Durchmesser ist dieses Modell das kleinere Pendant zur Panama automat s1 und ideal f\u00fcr alle Freunde von weniger gro\u00dfen Uhren am Handgelenk. Schlicht und ergreifend sch\u00f6n, auch hier die Typografie von Dino dos Santos.<\/p>\n","protected":false},"featured_media":651,"template":"","meta":[],"product_cat":[53,36],"product_tag":[99,130,129],"_links":{"self":[{"href":"https:\/\/www.rainerbrand.de\/shop\/wp-json\/wp\/v2\/product\/871"}],"collection":[{"href":"https:\/\/www.rainerbrand.de\/shop\/wp-json\/wp\/v2\/product"}],"about":[{"href":"https:\/\/www.rainerbrand.de\/shop\/wp-json\/wp\/v2\/types\/product"}],"wp:featuredmedia":[{"embeddable":true,"href":"https:\/\/www.rainerbrand.de\/shop\/wp-json\/wp\/v2\/media\/651"}],"wp:attachment":[{"href":"https:\/\/www.rainerbrand.de\/shop\/wp-json\/wp\/v2\/media?parent=871"}],"wp:term":[{"taxonomy":"product_cat","embeddable":true,"href":"https:\/\/www.rainerbrand.de\/shop\/wp-json\/wp\/v2\/product_cat?post=871"},{"taxonomy":"product_tag","embeddable":true,"href":"https:\/\/www.rainerbrand.de\/shop\/wp-json\/wp\/v2\/product_tag?post=871"}],"curies":[{"name":"wp","href":"https:\/\/api.w.org\/{rel}","templated":true}]}}